{"id":5878,"date":"2023-03-28T05:54:31","date_gmt":"2023-03-28T05:54:31","guid":{"rendered":"https:\/\/www.yellowcar.com\/politica-privacidad\/"},"modified":"2025-07-24T08:15:49","modified_gmt":"2025-07-24T08:15:49","slug":"datenschutzrichtlinie","status":"publish","type":"page","link":"https:\/\/www.yellowcar.com\/de\/datenschutzrichtlinie\/","title":{"rendered":"Datenschutzrichtlinie"},"content":{"rendered":"\n<div class=\"wp-block-group is-layout-constrained wp-container-core-group-is-layout-0a91e68d wp-block-group-is-layout-constrained\" style=\"padding-top:40px;padding-right:20px;padding-bottom:40px;padding-left:20px\">\n<p><strong>Datenschutzerkl\u00e4rung<\/strong><br>Dieser rechtliche Text enth\u00e4lt Einzelheiten dar\u00fcber, wie wir Ihre personenbezogenen Daten auf unserer Website <a class=\"\" href=\"http:\/\/www.yellowcar.com\">http:\/\/www.yellowcar.com<\/a> erheben und verarbeiten, einschlie\u00dflich aller Informationen, die Sie uns \u00fcber die Website zur Verf\u00fcgung stellen, wenn Sie Ihre Daten \u00fcber das entsprechende Formular \u00fcbermitteln oder eine Dienstleistung beauftragen.<br>Mit der \u00dcbermittlung Ihrer Daten versichern Sie, dass Sie nach geltendem Recht in der Lage sind, Ihre Einwilligung zu erteilen. Unsere Leistungen stehen nicht Personen zur Verf\u00fcgung, die rechtlich nicht einwilligungsf\u00e4hig sind.<br>Im Folgenden informieren wir Sie \u00fcber die Daten\u00adschutz\u00adrichtlinie von Yellow Car, S.A.<\/p>\n\n\n\n<p><strong>1. Verantwortlicher f\u00fcr die Datenverarbeitung<\/strong><br>Verantwortlicher:<br>Yellow Car, S.A, CIF: A29030020, Sitz: Urbanizaci\u00f3n el Rosario, Edificio Yellow Car, 29600 Marbella, M\u00e1laga. Tel.: +34\u202f952\u202f831\u202f492. E\u2011Mail: <a>marbella@yellowcar.com<\/a>.<br>Eingetragen im Handelsregister M\u00e1laga am 22. September 2004, Band 1890, Buch 803, Blatt 153, Abteilung 8, Seite MA\u201126053.<br>Yellow Car, S.A ist der f\u00fcr die Datenverarbeitung Verantwortliche (\u201ewir\u201c oder \u201eunser\u201c).<\/p>\n\n\n\n<p><strong>2. Welche Daten wir erheben<\/strong><br>Die Datenschutzgrundverordnung definiert personenbezogene Daten als alle Informationen, die sich auf eine identifizierte oder identifizierbare nat\u00fcrliche Person beziehen. Ausschlie\u00dflich anonymisierte oder aggregierte Daten fallen nicht darunter.<br>Folgende Datenkategorien k\u00f6nnen auf unserer Website verarbeitet werden:<\/p>\n\n\n\n<ul class=\"wp-block-list\">\n<li><strong>Identit\u00e4tsdaten<\/strong>: Vorname und Nachname<\/li>\n\n\n\n<li><strong>Personenbezogene Merkmale<\/strong>: Geburtsdatum<\/li>\n\n\n\n<li><strong>Kontaktdaten<\/strong>: E\u2011Mail-Adresse, Telefonnummer, Anschrift<\/li>\n\n\n\n<li><strong>Profildaten<\/strong>: Passwort<br>Sensible Datenkategorien (z.\u202fB. ethnische Herkunft, politische oder religi\u00f6se \u00dcberzeugungen, Gesundheitsdaten, genetische oder biometrische Daten) werden nicht erhoben.<br>Sollten wir gesetzlich verpflichtet sein, bestimmte Daten zu erheben und Sie verweigern deren Bereitstellung, k\u00f6nnen wir den Vertrag nicht erf\u00fcllen oder die Dienstleistung nicht erbringen. Bitte informieren Sie uns in diesem Fall rechtzeitig.<\/li>\n<\/ul>\n\n\n\n<p><strong>3. Erhebung Ihrer personenbezogenen Daten<\/strong><br>Wir erheben Daten:<\/p>\n\n\n\n<ul class=\"wp-block-list\">\n<li>Wenn Sie das Formular auf unserer Website ausf\u00fcllen oder uns per E\u2011Mail, Telefon oder Post kontaktieren, um\n<ul class=\"wp-block-list\">\n<li>Informationen zu unseren Produkten oder Dienstleistungen anzufordern oder<\/li>\n\n\n\n<li>unsere Dienstleistungen zu beauftragen<br>Wir behalten uns das Recht vor, Registrierungsanfragen abzulehnen oder registrierte Nutzer zu sperren, wenn gesetzliche oder interne Anforderungen nicht erf\u00fcllt werden. Eine Begr\u00fcndung erfolgt, sofern m\u00f6glich.<\/li>\n<\/ul>\n<\/li>\n\n\n\n<li>Durch automatisierte Technologien: Wir erfassen technische Daten \u00fcber Ihr Ger\u00e4t, Ihr Surfverhalten und Nutzungs\u00admuster mittels Cookies oder \u00e4hnlicher Technologien. Siehe hierzu unsere Cookie-Richtlinie (Link).<\/li>\n\n\n\n<li>Von Drittanbietern: z.\u202fB. Google Analytics oder externe Suchdaten au\u00dferhalb der EU.<\/li>\n<\/ul>\n\n\n\n<p><strong>4. Zweck und Rechtsgrundlage der Verarbeitung<\/strong><br>H\u00e4ufige Verwendungszwecke Ihrer Daten:<\/p>\n\n\n\n<ul class=\"wp-block-list\">\n<li>Abschluss eines Vertrags zwischen Yellow Car, S.A und Ihnen<\/li>\n\n\n\n<li>Mit Ihrer ausdr\u00fccklichen Einwilligung<\/li>\n\n\n\n<li>Erf\u00fcllung gesetzlicher oder aufsichtsrechtlicher Verpflichtungen<\/li>\n\n\n\n<li>Wahrung unserer berechtigten Interessen oder die Dritter<br>Sie k\u00f6nnen Ihre Einwilligung jederzeit widerrufen durch Nachricht an <a>marbella@yellowcar.com<\/a> oder gem\u00e4\u00df dem Abschnitt \u201eRechte der Betroffenen\u201c.<br>Wir verwenden Ihre Daten ausschlie\u00dflich f\u00fcr den urspr\u00fcnglichen Zweck, es sei denn, ein kompatibler Zweck liegt vor. In diesem Fall informieren wir Sie vorher \u00fcber die Rechtsgrundlage.<\/li>\n<\/ul>\n\n\n\n<p><strong>5. Speicherdauer<\/strong><br>Ihre Daten werden so lange gespeichert, wie es zur Erreichung des urspr\u00fcnglichen Zwecks und zur Erf\u00fcllung gesetzlicher Aufbewahrungsfristen erforderlich ist.<\/p>\n\n\n\n<p><strong>6. Minderj\u00e4hrige<\/strong><br>Yellow Car, S.A erlaubt keine Erhebung personenbezogener Daten von Minderj\u00e4hrigen unter 14 Jahren \u00fcber unsere Website oder Kontaktformulare. Durch die \u00dcbermittlung best\u00e4tigen Sie, mindestens 14 Jahre alt zu sein. Eltern oder Vorm\u00fcnder k\u00f6nnen bei \u00dcbermittlung durch Minderj\u00e4hrige unter 14 Jahren ihre Rechte geltend machen. F\u00fcr Dienste, die speziell Minderj\u00e4hrige betreffen, wird eine Genehmigung der Eltern eingeholt.<\/p>\n\n\n\n<p><strong>7. Aus\u00fcbung der Betroffenenrechte<\/strong><br>Sie k\u00f6nnen Ihre Rechte aus\u00fcben, indem Sie sich an unsere Gesch\u00e4ftsadresse oder E\u2011Mail <a>marbella@yellowcar.com<\/a> wenden und eine Kopie Ihres Ausweises beif\u00fcgen. Ihre Rechte umfassen:<\/p>\n\n\n\n<ul class=\"wp-block-list\">\n<li>Auskunft \u00fcber die gespeicherten Daten<\/li>\n\n\n\n<li>Berichtigung oder L\u00f6schung (\u201eRecht auf Vergessenwerden\u201c)<\/li>\n\n\n\n<li>Einschr\u00e4nkung der Verarbeitung<\/li>\n\n\n\n<li>Widerspruch gegen die Verarbeitung<\/li>\n\n\n\n<li>Daten\u00fcbertragbarkeit<br>Gesonderte Formulare der AEPD k\u00f6nnen verwendet werden. Beschwerden richten Sie bitte an die Agencia Espa\u00f1ola de Protecci\u00f3n de Datos.<br>Zur Identit\u00e4tspr\u00fcfung k\u00f6nnen wir zus\u00e4tzliche Unterlagen anfordern.<br>Wir beantworten Anfragen innerhalb eines Monats, verl\u00e4ngert um weitere zwei Monate bei komplexen F\u00e4llen, dar\u00fcber werden wir Sie informieren.<\/li>\n<\/ul>\n\n\n\n<p><strong>8. Weitergabe an Dritte<\/strong><br>Zur Erf\u00fcllung unserer Dienste k\u00f6nnen wir Dienstleister einbeziehen, z.\u202fB.:<\/p>\n\n\n\n<ul class=\"wp-block-list\">\n<li>IT- und Systemadministrationsunternehmen<\/li>\n\n\n\n<li>Rechts- und Wirtschaftsberater, Wirtschaftspr\u00fcfer, Versicherer und Buchhalter<br>Diese Auftragsverarbeiter handeln ausschlie\u00dflich in unserem Auftrag und gem\u00e4\u00df DSGVO. Auf Anfrage senden wir Ihnen eine Liste unter <a>marbella@yellowcar.com<\/a>.<\/li>\n<\/ul>\n\n\n\n<p><strong>9. Datensicherheit<\/strong><br>Wir haben technische und organisatorische Ma\u00dfnahmen implementiert, um Ihre Daten gegen Verlust, unbefugten Zugriff, Ver\u00e4nderung oder Offenlegung zu sch\u00fctzen. Nur befugte Personen mit entsprechenden Vertraulichkeitsverpflichtungen haben Zugriff.<br>Im Falle eines Datenversto\u00dfes informieren wir Sie und die zust\u00e4ndige Aufsichtsbeh\u00f6rde innerhalb der gesetzlichen Fristen gem\u00e4\u00df Art. 33 und 34 DSGVO.<\/p>\n<\/div>\n","protected":false},"excerpt":{"rendered":"<p>Datenschutzerkl\u00e4rungDieser rechtliche Text enth\u00e4lt Einzelheiten dar\u00fcber, wie wir Ihre personenbezogenen Daten auf unserer Website http:\/\/www.yellowcar.com erheben und verarbeiten, einschlie\u00dflich aller Informationen, die Sie uns \u00fcber die Website zur Verf\u00fcgung stellen, wenn Sie Ihre Daten \u00fcber das entsprechende Formular \u00fcbermitteln oder eine Dienstleistung beauftragen.Mit der \u00dcbermittlung Ihrer Daten versichern Sie, dass Sie nach geltendem Recht in [&hellip;]<\/p>\n","protected":false},"author":2,"featured_media":0,"parent":0,"menu_order":0,"comment_status":"closed","ping_status":"closed","template":"","meta":{"_acf_changed":false,"inline_featured_image":false,"_uag_custom_page_level_css":"","footnotes":""},"class_list":["post-5878","page","type-page","status-publish","hentry"],"acf":[],"uagb_featured_image_src":{"full":false,"thumbnail":false,"medium":false,"medium_large":false,"large":false,"1536x1536":false,"2048x2048":false},"uagb_author_info":{"display_name":"Yellow Car","author_link":"https:\/\/www.yellowcar.com\/de\/author\/yellow-car\/"},"uagb_comment_info":0,"uagb_excerpt":"Datenschutzerkl\u00e4rungDieser rechtliche Text enth\u00e4lt Einzelheiten dar\u00fcber, wie wir Ihre personenbezogenen Daten auf unserer Website http:\/\/www.yellowcar.com erheben und verarbeiten, einschlie\u00dflich aller Informationen, die Sie uns \u00fcber die Website zur Verf\u00fcgung stellen, wenn Sie Ihre Daten \u00fcber das entsprechende Formular \u00fcbermitteln oder eine Dienstleistung beauftragen.Mit der \u00dcbermittlung Ihrer Daten versichern Sie, dass Sie nach geltendem Recht in&hellip;","_links":{"self":[{"href":"https:\/\/www.yellowcar.com\/de\/wp-json\/wp\/v2\/pages\/5878","targetHints":{"allow":["GET"]}}],"collection":[{"href":"https:\/\/www.yellowcar.com\/de\/wp-json\/wp\/v2\/pages"}],"about":[{"href":"https:\/\/www.yellowcar.com\/de\/wp-json\/wp\/v2\/types\/page"}],"author":[{"embeddable":true,"href":"https:\/\/www.yellowcar.com\/de\/wp-json\/wp\/v2\/users\/2"}],"replies":[{"embeddable":true,"href":"https:\/\/www.yellowcar.com\/de\/wp-json\/wp\/v2\/comments?post=5878"}],"version-history":[{"count":2,"href":"https:\/\/www.yellowcar.com\/de\/wp-json\/wp\/v2\/pages\/5878\/revisions"}],"predecessor-version":[{"id":10550,"href":"https:\/\/www.yellowcar.com\/de\/wp-json\/wp\/v2\/pages\/5878\/revisions\/10550"}],"wp:attachment":[{"href":"https:\/\/www.yellowcar.com\/de\/wp-json\/wp\/v2\/media?parent=5878"}],"curies":[{"name":"wp","href":"https:\/\/api.w.org\/{rel}","templated":true}]}}

<div class="wp-block-group is-layout-constrained wp-container-core-group-is-layout-0a91e68d wp-block-group-is-layout-constrained" style="padding-top:40px;padding-right:20px;padding-bottom:40px;padding-left:20px">
<p><strong>Datenschutzerklärung</strong><br>Dieser rechtliche Text enthält Einzelheiten darüber, wie wir Ihre personenbezogenen Daten auf unserer Website <a class="" href="http://www.yellowcar.com">http://www.yellowcar.com</a> erheben und verarbeiten, einschließlich aller Informationen, die Sie uns über die Website zur Verfügung stellen, wenn Sie Ihre Daten über das entsprechende Formular übermitteln oder eine Dienstleistung beauftragen.<br>Mit der Übermittlung Ihrer Daten versichern Sie, dass Sie nach geltendem Recht in der Lage sind, Ihre Einwilligung zu erteilen. Unsere Leistungen stehen nicht Personen zur Verfügung, die rechtlich nicht einwilligungsfähig sind.<br>Im Folgenden informieren wir Sie über die Daten­schutz­richtlinie von Yellow Car, S.A.</p>



<p><strong>1. Verantwortlicher für die Datenverarbeitung</strong><br>Verantwortlicher:<br>Yellow Car, S.A, CIF: A29030020, Sitz: Urbanización el Rosario, Edificio Yellow Car, 29600 Marbella, Málaga. Tel.: +34 952 831 492. E‑Mail: <a>marbella@yellowcar.com</a>.<br>Eingetragen im Handelsregister Málaga am 22. September 2004, Band 1890, Buch 803, Blatt 153, Abteilung 8, Seite MA‑26053.<br>Yellow Car, S.A ist der für die Datenverarbeitung Verantwortliche („wir“ oder „unser“).</p>



<p><strong>2. Welche Daten wir erheben</strong><br>Die Datenschutzgrundverordnung definiert personenbezogene Daten als alle Informationen, die sich auf eine identifizierte oder identifizierbare natürliche Person beziehen. Ausschließlich anonymisierte oder aggregierte Daten fallen nicht darunter.<br>Folgende Datenkategorien können auf unserer Website verarbeitet werden:</p>



<ul class="wp-block-list">
<li><strong>Identitätsdaten</strong>: Vorname und Nachname</li>



<li><strong>Personenbezogene Merkmale</strong>: Geburtsdatum</li>



<li><strong>Kontaktdaten</strong>: E‑Mail-Adresse, Telefonnummer, Anschrift</li>



<li><strong>Profildaten</strong>: Passwort<br>Sensible Datenkategorien (z. B. ethnische Herkunft, politische oder religiöse Überzeugungen, Gesundheitsdaten, genetische oder biometrische Daten) werden nicht erhoben.<br>Sollten wir gesetzlich verpflichtet sein, bestimmte Daten zu erheben und Sie verweigern deren Bereitstellung, können wir den Vertrag nicht erfüllen oder die Dienstleistung nicht erbringen. Bitte informieren Sie uns in diesem Fall rechtzeitig.</li>
</ul>



<p><strong>3. Erhebung Ihrer personenbezogenen Daten</strong><br>Wir erheben Daten:</p>



<ul class="wp-block-list">
<li>Wenn Sie das Formular auf unserer Website ausfüllen oder uns per E‑Mail, Telefon oder Post kontaktieren, um
<ul class="wp-block-list">
<li>Informationen zu unseren Produkten oder Dienstleistungen anzufordern oder</li>



<li>unsere Dienstleistungen zu beauftragen<br>Wir behalten uns das Recht vor, Registrierungsanfragen abzulehnen oder registrierte Nutzer zu sperren, wenn gesetzliche oder interne Anforderungen nicht erfüllt werden. Eine Begründung erfolgt, sofern möglich.</li>
</ul>
</li>



<li>Durch automatisierte Technologien: Wir erfassen technische Daten über Ihr Gerät, Ihr Surfverhalten und Nutzungs­muster mittels Cookies oder ähnlicher Technologien. Siehe hierzu unsere Cookie-Richtlinie (Link).</li>



<li>Von Drittanbietern: z. B. Google Analytics oder externe Suchdaten außerhalb der EU.</li>
</ul>



<p><strong>4. Zweck und Rechtsgrundlage der Verarbeitung</strong><br>Häufige Verwendungszwecke Ihrer Daten:</p>



<ul class="wp-block-list">
<li>Abschluss eines Vertrags zwischen Yellow Car, S.A und Ihnen</li>



<li>Mit Ihrer ausdrücklichen Einwilligung</li>



<li>Erfüllung gesetzlicher oder aufsichtsrechtlicher Verpflichtungen</li>



<li>Wahrung unserer berechtigten Interessen oder die Dritter<br>Sie können Ihre Einwilligung jederzeit widerrufen durch Nachricht an <a>marbella@yellowcar.com</a> oder gemäß dem Abschnitt „Rechte der Betroffenen“.<br>Wir verwenden Ihre Daten ausschließlich für den ursprünglichen Zweck, es sei denn, ein kompatibler Zweck liegt vor. In diesem Fall informieren wir Sie vorher über die Rechtsgrundlage.</li>
</ul>



<p><strong>5. Speicherdauer</strong><br>Ihre Daten werden so lange gespeichert, wie es zur Erreichung des ursprünglichen Zwecks und zur Erfüllung gesetzlicher Aufbewahrungsfristen erforderlich ist.</p>



<p><strong>6. Minderjährige</strong><br>Yellow Car, S.A erlaubt keine Erhebung personenbezogener Daten von Minderjährigen unter 14 Jahren über unsere Website oder Kontaktformulare. Durch die Übermittlung bestätigen Sie, mindestens 14 Jahre alt zu sein. Eltern oder Vormünder können bei Übermittlung durch Minderjährige unter 14 Jahren ihre Rechte geltend machen. Für Dienste, die speziell Minderjährige betreffen, wird eine Genehmigung der Eltern eingeholt.</p>



<p><strong>7. Ausübung der Betroffenenrechte</strong><br>Sie können Ihre Rechte ausüben, indem Sie sich an unsere Geschäftsadresse oder E‑Mail <a>marbella@yellowcar.com</a> wenden und eine Kopie Ihres Ausweises beifügen. Ihre Rechte umfassen:</p>



<ul class="wp-block-list">
<li>Auskunft über die gespeicherten Daten</li>



<li>Berichtigung oder Löschung („Recht auf Vergessenwerden“)</li>



<li>Einschränkung der Verarbeitung</li>



<li>Widerspruch gegen die Verarbeitung</li>



<li>Datenübertragbarkeit<br>Gesonderte Formulare der AEPD können verwendet werden. Beschwerden richten Sie bitte an die Agencia Española de Protección de Datos.<br>Zur Identitätsprüfung können wir zusätzliche Unterlagen anfordern.<br>Wir beantworten Anfragen innerhalb eines Monats, verlängert um weitere zwei Monate bei komplexen Fällen, darüber werden wir Sie informieren.</li>
</ul>



<p><strong>8. Weitergabe an Dritte</strong><br>Zur Erfüllung unserer Dienste können wir Dienstleister einbeziehen, z. B.:</p>



<ul class="wp-block-list">
<li>IT- und Systemadministrationsunternehmen</li>



<li>Rechts- und Wirtschaftsberater, Wirtschaftsprüfer, Versicherer und Buchhalter<br>Diese Auftragsverarbeiter handeln ausschließlich in unserem Auftrag und gemäß DSGVO. Auf Anfrage senden wir Ihnen eine Liste unter <a>marbella@yellowcar.com</a>.</li>
</ul>



<p><strong>9. Datensicherheit</strong><br>Wir haben technische und organisatorische Maßnahmen implementiert, um Ihre Daten gegen Verlust, unbefugten Zugriff, Veränderung oder Offenlegung zu schützen. Nur befugte Personen mit entsprechenden Vertraulichkeitsverpflichtungen haben Zugriff.<br>Im Falle eines Datenverstoßes informieren wir Sie und die zuständige Aufsichtsbehörde innerhalb der gesetzlichen Fristen gemäß Art. 33 und 34 DSGVO.</p>
</div>

<p>DatenschutzerklärungDieser rechtliche Text enthält Einzelheiten darüber, wie wir Ihre personenbezogenen Daten auf unserer Website http://www.yellowcar.com erheben und verarbeiten, einschließlich aller Informationen, die Sie uns über die Website zur Verfügung stellen, wenn Sie Ihre Daten über das entsprechende Formular übermitteln oder eine Dienstleistung beauftragen.Mit der Übermittlung Ihrer Daten versichern Sie, dass Sie nach geltendem Recht in [&hellip;]</p>

DatenschutzerklärungDieser rechtliche Text enthält Einzelheiten darüber, wie wir Ihre personenbezogenen Daten auf unserer Website http://www.yellowcar.com erheben und verarbeiten, einschließlich aller Informationen, die Sie uns über die Website zur Verfügung stellen, wenn Sie Ihre Daten über das entsprechende Formular übermitteln oder eine Dienstleistung beauftragen.Mit der Übermittlung Ihrer Daten versichern Sie, dass Sie nach geltendem Recht in&hellip;
